{"id":72,"date":"2021-02-19T12:12:33","date_gmt":"2021-02-19T11:12:33","guid":{"rendered":"http:\/\/hazkivitelezes.com\/?page_id=72"},"modified":"2022-11-29T22:07:48","modified_gmt":"2022-11-29T21:07:48","slug":"epites-lebonyolitas","status":"publish","type":"page","link":"http:\/\/hazkivitelezes.com\/index.php\/epites-lebonyolitas\/","title":{"rendered":"\u00c9p\u00edt\u00e9s lebonyol\u00edt\u00e1s"},"content":{"rendered":"\n<div class=\"wp-block-group\"><div class=\"wp-block-group__inner-container is-layout-constrained wp-block-group-is-layout-constrained\">\n<p class=\"has-background-background-color has-background\">M\u0171szaki ellen\u0151rz\u00e9ssel \u00f6sszek\u00f6tve, a tervez\u00e9si f\u00e1zist\u00f3l a haszn\u00e1latba v\u00e9telig tart\u00f3 komplett szolg\u00e1ltat\u00e1s.<\/p>\n\n\n\n<p class=\"has-background-background-color has-background\">Az \u00e9p\u00edttet\u0151 megb\u00edz\u00e1s\u00e1b\u00f3l a kivitelez\u0151k versenyeztet\u00e9se aj\u00e1nlatok \u00f6sszehasonl\u00edt\u00e1sa, szerz\u0151d\u00e9sek el\u0151k\u00e9sz\u00edt\u00e9se, munkaszervez\u00e9s. <\/p>\n\n\n\n<p class=\"has-background-background-color has-background\">E-\u00e9p\u00edt\u00e9si napl\u00f3 vezet\u00e9se. <\/p>\n\n\n\n<p class=\"has-background-background-color has-background\">Kivitelez\u00e9s folyamatos ellen\u0151rz\u00e9se, v\u00e1llalkoz\u00f3kt\u00f3l be\u00e9rkez\u0151 elsz\u00e1mol\u00e1sok ellen\u0151rz\u00e9se, hib\u00e1k hi\u00e1nyoss\u00e1gok felt\u00e1r\u00e1sa.<\/p>\n\n\n\n<p class=\"has-background-background-color has-background\">Haszn\u00e1latba v\u00e9teli enged\u00e9ly k\u00e9relem beny\u00fajt\u00e1sa.<\/p>\n<\/div><\/div>\n","protected":false},"excerpt":{"rendered":"<p>M\u0171szaki ellen\u0151rz\u00e9ssel \u00f6sszek\u00f6tve, a tervez\u00e9si f\u00e1zist\u00f3l a haszn\u00e1latba v\u00e9telig tart\u00f3 komplett szolg\u00e1ltat\u00e1s. Az \u00e9p\u00edttet\u0151 megb\u00edz\u00e1s\u00e1b\u00f3l a kivitelez\u0151k versenyeztet\u00e9se aj\u00e1nlatok \u00f6sszehasonl\u00edt\u00e1sa, szerz\u0151d\u00e9sek el\u0151k\u00e9sz\u00edt\u00e9se, munkaszervez\u00e9s. E-\u00e9p\u00edt\u00e9si napl\u00f3 vezet\u00e9se. Kivitelez\u00e9s folyamatos ellen\u0151rz\u00e9se, v\u00e1llalkoz\u00f3kt\u00f3l be\u00e9rkez\u0151 elsz\u00e1mol\u00e1sok ellen\u0151rz\u00e9se, hib\u00e1k hi\u00e1nyoss\u00e1gok felt\u00e1r\u00e1sa. Haszn\u00e1latba v\u00e9teli enged\u00e9ly k\u00e9relem beny\u00fajt\u00e1sa.<\/p>\n","protected":false},"author":1,"featured_media":0,"parent":0,"menu_order":0,"comment_status":"closed","ping_status":"closed","template":"","meta":{"footnotes":""},"class_list":["post-72","page","type-page","status-publish","hentry"],"_links":{"self":[{"href":"http:\/\/hazkivitelezes.com\/index.php\/wp-json\/wp\/v2\/pages\/72","targetHints":{"allow":["GET"]}}],"collection":[{"href":"http:\/\/hazkivitelezes.com\/index.php\/wp-json\/wp\/v2\/pages"}],"about":[{"href":"http:\/\/hazkivitelezes.com\/index.php\/wp-json\/wp\/v2\/types\/page"}],"author":[{"embeddable":true,"href":"http:\/\/hazkivitelezes.com\/index.php\/wp-json\/wp\/v2\/users\/1"}],"replies":[{"embeddable":true,"href":"http:\/\/hazkivitelezes.com\/index.php\/wp-json\/wp\/v2\/comments?post=72"}],"version-history":[{"count":2,"href":"http:\/\/hazkivitelezes.com\/index.php\/wp-json\/wp\/v2\/pages\/72\/revisions"}],"predecessor-version":[{"id":92,"href":"http:\/\/hazkivitelezes.com\/index.php\/wp-json\/wp\/v2\/pages\/72\/revisions\/92"}],"wp:attachment":[{"href":"http:\/\/hazkivitelezes.com\/index.php\/wp-json\/wp\/v2\/media?parent=72"}],"curies":[{"name":"wp","href":"https:\/\/api.w.org\/{rel}","templated":true}]}}